{"id":995,"date":"2022-01-20T05:26:12","date_gmt":"2022-01-20T04:26:12","guid":{"rendered":"http:\/\/wpexplorer-demos.com\/?page_id=995"},"modified":"2025-12-29T19:40:23","modified_gmt":"2025-12-29T18:40:23","slug":"nasza-kadra","status":"publish","type":"page","link":"https:\/\/roadrasz.pl\/?page_id=995","title":{"rendered":"Nasza kadra"},"content":{"rendered":"[vc_row][vc_column][vc_custom_heading text=&#8221;Nasza kadra&#8221; font_container=&#8221;tag:h1|font_size:50|text_align:center|color:%23000000&#8243; google_fonts=&#8221;font_family:Open%20Sans%3A300%2C300italic%2Cregular%2Citalic%2C600%2C600italic%2C700%2C700italic%2C800%2C800italic|font_style:400%20regular%3A400%3Anormal&#8221;][\/vc_column][\/vc_row][vc_row bg_style=&#8221;stretch&#8221; border_style=&#8221;solid&#8221;][vc_column][\/vc_column][\/vc_row][vc_row bg_style=&#8221;stretch&#8221; border_style=&#8221;solid&#8221; padding_top=&#8221;30px&#8221;][vc_column width=&#8221;3\/4&#8243;]<div class=\"vcex-spacing wpex-w-100 wpex-clear\" style=\"height:20px;\"><\/div>[vc_column_text]\n<h2>Aleksander Rasz<\/h2>\n<p style=\"text-align: justify;\">Mi\u0142o\u015bnik motoryzacji, kt\u00f3ra nie ma przed nim tajemnic. Pasjonat motor\u00f3w i fan wy\u015bcig\u00f3w MOTO-GP. Ojciec przysz\u0142ego motocyklisty w Moto GP \ud83d\ude0a<br \/>\nUczestnik wielu kurs\u00f3w, w szczeg\u00f3lno\u015bci z zakresu techniki jazdy oraz ruchu drogowym.<br \/>\nKierowca i motocyklista z przesz\u0142o 20 letnim do\u015bwiadczeniem. Wiedz\u0105 zdobyt\u0105 na szkoleniach i kursach ch\u0119tnie si\u0119 podzieli z przysz\u0142ymi kierowcami. A mo\u017ce w kt\u00f3rym\u015b z przysz\u0142ych kursant\u00f3w odkryjemy wsp\u00f3lnie now\u0105 pasj\u0119 do motosportu.<\/p>\n<p>&nbsp;<\/p>\n<p>Pawe\u0142 &#8211; instruktor z wieloletnim do\u015bwiadczeniem. Instruktor zar\u00f3wno kategorii B ( Auta ) jak i A ( motocykle ). Pasjonata motocykli.[\/vc_column_text][\/vc_column][vc_column width=&#8221;1\/4&#8243;][vc_single_image image=&#8221;4917&#8243; img_size=&#8221;&#8221; style=&#8221;vc_box_circle_2&#8243; img_filter=&#8221;saturate-2&#8243;][\/vc_column][\/vc_row][vc_row bg_style=&#8221;stretch&#8221; border_style=&#8221;solid&#8221; padding_top=&#8221;30px&#8221;][vc_column width=&#8221;1\/4&#8243;]<div class=\"vcex-spacing wpex-w-100 wpex-clear\" style=\"height:20px;\"><\/div>[\/vc_column][vc_column width=&#8221;3\/4&#8243; style=&#8221;default&#8221; bg_style=&#8221;stretch&#8221; padding_left=&#8221;15px&#8221;][vc_column_text]\n<h2>Ewelina<\/h2>\n<p style=\"text-align: justify;\">Od ponad 10 lat zwi\u0105zana z Polsk\u0105 Armi\u0105. Uczestnik Misji poza granicami kraju. Czynny ratownik. Zas\u0142u\u017cony honorowy dawca krwi. Wolny czas sp\u0119dzam na motocrossach oraz na strzelnicy. Uwielbiam zdobywa\u0107 wiedz\u0119 i si\u0119 ni\u0105 dzieli\u0107.<\/p>\n[\/vc_column_text][\/vc_column][\/vc_row]\n","protected":false},"excerpt":{"rendered":"<p>[vc_row][vc_column][vc_custom_heading text=&#8221;Nasza kadra&#8221; font_container=&#8221;tag:h1|font_size:50|text_align:center|color:%23000000&#8243; google_fonts=&#8221;font_family:Open%20Sans%3A300%2C300italic%2Cregular%2Citalic%2C600%2C600italic%2C700%2C700italic%2C800%2C800italic|font_style:400%20regular%3A400%3Anormal&#8221;][\/vc_column][\/vc_row][vc_row bg_style=&#8221;stretch&#8221; border_style=&#8221;solid&#8221;][vc_column][\/vc_column][\/vc_row][vc_row bg_style=&#8221;stretch&#8221; border_style=&#8221;solid&#8221; padding_top=&#8221;30px&#8221;][vc_column width=&#8221;3\/4&#8243;][vc_column_text] Aleksander Rasz Mi\u0142o\u015bnik motoryzacji, kt\u00f3ra nie ma przed nim tajemnic. Pasjonat motor\u00f3w i fan wy\u015bcig\u00f3w MOTO-GP. Ojciec przysz\u0142ego motocyklisty w Moto GP \ud83d\ude0a Uczestnik wielu kurs\u00f3w, w szczeg\u00f3lno\u015bci z zakresu techniki jazdy oraz ruchu drogowym. Kierowca i motocyklista z przesz\u0142o 20 letnim do\u015bwiadczeniem. Wiedz\u0105&hellip;<\/p>\n","protected":false},"author":1,"featured_media":0,"parent":0,"menu_order":0,"comment_status":"closed","ping_status":"closed","template":"","meta":{"_seopress_robots_primary_cat":"","_seopress_titles_title":"","_seopress_titles_desc":"Szko\u0142a Jazdy Road Rasz oferuje kursy na prawo jazdy kategorii B tradycyjne, stacjonarne, weekendowe, wieczorowe oraz online, e-lerningowe.","_seopress_robots_index":"","footnotes":""},"class_list":["post-995","page","type-page","status-publish","hentry","entry","no-media"],"_links":{"self":[{"href":"https:\/\/roadrasz.pl\/index.php?rest_route=\/wp\/v2\/pages\/995","targetHints":{"allow":["GET"]}}],"collection":[{"href":"https:\/\/roadrasz.pl\/index.php?rest_route=\/wp\/v2\/pages"}],"about":[{"href":"https:\/\/roadrasz.pl\/index.php?rest_route=\/wp\/v2\/types\/page"}],"author":[{"embeddable":true,"href":"https:\/\/roadrasz.pl\/index.php?rest_route=\/wp\/v2\/users\/1"}],"replies":[{"embeddable":true,"href":"https:\/\/roadrasz.pl\/index.php?rest_route=%2Fwp%2Fv2%2Fcomments&post=995"}],"version-history":[{"count":10,"href":"https:\/\/roadrasz.pl\/index.php?rest_route=\/wp\/v2\/pages\/995\/revisions"}],"predecessor-version":[{"id":5124,"href":"https:\/\/roadrasz.pl\/index.php?rest_route=\/wp\/v2\/pages\/995\/revisions\/5124"}],"wp:attachment":[{"href":"https:\/\/roadrasz.pl\/index.php?rest_route=%2Fwp%2Fv2%2Fmedia&parent=995"}],"curies":[{"name":"wp","href":"https:\/\/api.w.org\/{rel}","templated":true}]}}