{"id":460,"date":"2022-01-20T22:24:45","date_gmt":"2022-01-20T21:24:45","guid":{"rendered":"http:\/\/wpexplorer-demos.com\/?page_id=460"},"modified":"2025-08-28T19:43:18","modified_gmt":"2025-08-28T17:43:18","slug":"kursy","status":"publish","type":"page","link":"https:\/\/roadrasz.pl\/?page_id=460","title":{"rendered":"Kursy"},"content":{"rendered":"[vc_row][vc_column width=&#8221;2\/3&#8243;][vc_column_text]W swojej ofercie posiadamy Kurs prawa jazdy kategorii B &#8211;\u00a0 Prawo jazdy tej kategorii b\u0119dzie uprawnia\u0142o do prowadzenia pojazdem samochodowym o dopuszczalnej masie ca\u0142kowitej (dmc) nieprzekraczaj\u0105cej 3,5\u00a0 tony (z wyj\u0105tkiem motocykla lub autobusu) i przewozu nie wi\u0119cej ni\u017c 9 os\u00f3b (\u0142\u0105cznie z kierowc\u0105).<\/p>\n<p><strong>Organizujemy:<\/strong><\/p>\n<p>Kurs prawa jazdy RoadRasz mo\u017ce uko\u0144czy\u0107 ka\u017cdy kandydat, kt\u00f3ry spe\u0142nia warunki okre\u015blone w przepisach oraz jest gotowy uczestniczy\u0107 w zaj\u0119ciach, opanowania wiedzy i przyst\u0105pienie do egzaminu pa\u0144stwowego. Podstaw\u0105 zapisu kandydata jest\u00a0 uko\u0144czenie przez przysz\u0142ego kursanta 18 lat (lub uko\u0144czenie 18 lat w momencie zaliczania zaj\u0119\u0107), pozytywne orzeczenie lekarskie oraz za\u0142o\u017cenie Profilu Kandydata na Kierowc\u0119 (PKK).<\/p>\n<p><strong>Zaj\u0119cia teoretyczne stacjonarne prowadzimy w systemach:<\/strong>[\/vc_column_text][\/vc_column][vc_column width=&#8221;1\/3&#8243;][vc_single_image image=&#8221;4798&#8243;][\/vc_column][\/vc_row][vc_row][vc_column width=&#8221;1\/3&#8243;]<div class=\"vcex-module vcex-pricing vcex-pricing-style-default wpex-leading-normal wpex-bg-white\"><div class=\"vcex-pricing-plan vcex-pricing-header wpex-bg-gray-200 wpex-text-gray-800 wpex-border-gray-300 wpex-border wpex-border-solid wpex-py-15 wpex-px-20 wpex-text-center wpex-uppercase wpex-font-semibold\" style=\"font-size:20px;\">KURS WIECZOROWY<\/div><div class=\"vcex-pricing-cost wpex-bg-gray-100 wpex-p-20 wpex-border-x wpex-border-solid wpex-border-gray-300 wpex-text-center\"><span class=\"vcex-pricing-ammount wpex-text-6xl wpex-leading-tight wpex-font-light\" style=\"font-size:20px;\">Godzina 17:00<\/span><\/div><div class=\"vcex-pricing-content wpex-clr wpex-text-center wpex-p-20 wpex-border wpex-border-solid wpex-border-gray-300\"><strong>Poniedzia\u0142ek<br \/>\nWtorek<br \/>\n\u015aroda<br \/>\nCzwartek<br \/>\nPi\u0105tek<\/strong><\/p>\n<p><strong>Kurs trwa tydzie\u0144<\/strong><\/div><\/div>[\/vc_column][vc_column width=&#8221;1\/3&#8243;]<div class=\"vcex-module vcex-pricing vcex-pricing-style-default wpex-leading-normal wpex-bg-white\"><div class=\"vcex-pricing-plan vcex-pricing-header wpex-bg-gray-200 wpex-text-gray-800 wpex-border-gray-300 wpex-border wpex-border-solid wpex-py-15 wpex-px-20 wpex-text-center wpex-uppercase wpex-font-semibold\" style=\"font-size:20px;\">KURS WEEKENDOWY<\/div><div class=\"vcex-pricing-cost wpex-bg-gray-100 wpex-p-20 wpex-border-x wpex-border-solid wpex-border-gray-300 wpex-text-center\"><span class=\"vcex-pricing-ammount wpex-text-6xl wpex-leading-tight wpex-font-light\" style=\"font-size:20px;\">Godzina 08:00<\/span><\/div><div class=\"vcex-pricing-content wpex-clr wpex-text-center wpex-p-20 wpex-border wpex-border-solid wpex-border-gray-300\"><strong>Sobota<br \/>\nNiedziela<\/strong><\/p>\n<p><strong>Kurs w zale\u017cno\u015bci od zainteresowania<\/strong><\/div><\/div>[\/vc_column][vc_column width=&#8221;1\/3&#8243;]<div class=\"vcex-module vcex-pricing vcex-pricing-style-default wpex-leading-normal wpex-bg-white\"><div class=\"vcex-pricing-plan vcex-pricing-header wpex-bg-gray-200 wpex-text-gray-800 wpex-border-gray-300 wpex-border wpex-border-solid wpex-py-15 wpex-px-20 wpex-text-center wpex-uppercase wpex-font-semibold\" style=\"font-size:20px;\">KURS ELEARNING, ONLINE<\/div><div class=\"vcex-pricing-cost wpex-bg-gray-100 wpex-p-20 wpex-border-x wpex-border-solid wpex-border-gray-300 wpex-text-center\"><span class=\"vcex-pricing-ammount wpex-text-6xl wpex-leading-tight wpex-font-light\" style=\"font-size:20px;\">Dowolna pora<\/span><\/div><div class=\"vcex-pricing-content wpex-clr wpex-text-center wpex-p-20 wpex-border wpex-border-solid wpex-border-gray-300\"><strong>Elearning<br \/>\nOnline<\/strong><\/p>\n<p><strong>Kurs w trybie elearning, mo\u017cna rozpocz\u0105\u0107 w dowolnym terminie o dowolnej porze<\/strong><\/div><\/div>[\/vc_column][\/vc_row]\n","protected":false},"excerpt":{"rendered":"<p>[vc_row][vc_column width=&#8221;2\/3&#8243;][vc_column_text]W swojej ofercie posiadamy Kurs prawa jazdy kategorii B &#8211;\u00a0 Prawo jazdy tej kategorii b\u0119dzie uprawnia\u0142o do prowadzenia pojazdem samochodowym o dopuszczalnej masie ca\u0142kowitej (dmc) nieprzekraczaj\u0105cej 3,5\u00a0 tony (z wyj\u0105tkiem motocykla lub autobusu) i przewozu nie wi\u0119cej ni\u017c 9 os\u00f3b (\u0142\u0105cznie z kierowc\u0105). Organizujemy: Kurs prawa jazdy RoadRasz mo\u017ce uko\u0144czy\u0107 ka\u017cdy kandydat, kt\u00f3ry spe\u0142nia&hellip;<\/p>\n","protected":false},"author":1,"featured_media":0,"parent":0,"menu_order":0,"comment_status":"closed","ping_status":"closed","template":"","meta":{"_seopress_robots_primary_cat":"","_seopress_titles_title":"","_seopress_titles_desc":"Szko\u0142a Jazdy Rutecki & Rasz oferuje kursy na prawo jazdy kategorii B tradycyjne, stacjonarne, weekendowe, wieczorowe oraz online, e-lerningowe.","_seopress_robots_index":"","footnotes":""},"class_list":["post-460","page","type-page","status-publish","hentry","entry","no-media"],"_links":{"self":[{"href":"https:\/\/roadrasz.pl\/index.php?rest_route=\/wp\/v2\/pages\/460","targetHints":{"allow":["GET"]}}],"collection":[{"href":"https:\/\/roadrasz.pl\/index.php?rest_route=\/wp\/v2\/pages"}],"about":[{"href":"https:\/\/roadrasz.pl\/index.php?rest_route=\/wp\/v2\/types\/page"}],"author":[{"embeddable":true,"href":"https:\/\/roadrasz.pl\/index.php?rest_route=\/wp\/v2\/users\/1"}],"replies":[{"embeddable":true,"href":"https:\/\/roadrasz.pl\/index.php?rest_route=%2Fwp%2Fv2%2Fcomments&post=460"}],"version-history":[{"count":7,"href":"https:\/\/roadrasz.pl\/index.php?rest_route=\/wp\/v2\/pages\/460\/revisions"}],"predecessor-version":[{"id":5107,"href":"https:\/\/roadrasz.pl\/index.php?rest_route=\/wp\/v2\/pages\/460\/revisions\/5107"}],"wp:attachment":[{"href":"https:\/\/roadrasz.pl\/index.php?rest_route=%2Fwp%2Fv2%2Fmedia&parent=460"}],"curies":[{"name":"wp","href":"https:\/\/api.w.org\/{rel}","templated":true}]}}